1*(-3)/n)?
32
Suppose -49*v + 8 + 642 + 575 = 0. What is the remainder when 48 is divided by v?
23
Suppose 4*j - 4*v - 19 = -7, -4*j + v = -21. Suppose -3*z - l + 854 = 0, j*z + 3*l + 268 = 7*z. Calculate the remainder when z is divided by 41.
37
Let b(m) = -m**2 - 19*m - 19. Let g be b(-18). Let h be 3/g*(-1040)/24. Let i = h - 76. What is the remainder when i is divided by 8?
6
Let k = 527 + 1151. Suppose 171*f - 23 = 170*f. Calculate the remainder when k is divided by f.
22
Suppose 5*b + 271*c - 8 = 269*c, 5*b - 4*c = 44. Calculate the remainder when 841 is divided by b.
1
Suppose -14*w + 584 + 1248 = -366. Calculate the remainder when w is divided by 20.
17
Let x be 2/(-4)*232/(0 - 4). Let o = -8 + 13. Suppose 4*h + x = o*h. Calculate the remainder when 55 is divided by h.
26
Let b(k) = 8*k + 150. Let g be b(-19). Suppose -3*c + 58 = -2*c. Calculate the remainder when c is divided by g/((-8)/(-4)) + 6 + 10.
13
Let h(y) = 13*y**3 - 119*y**2 + 23*y - 17. Calculate the remainder when 1954 is divided by h(9).
22
Suppose c = 4, -155 = -l - 3*c + 82. Let v = l + -74. What is the remainder when v is divided by 31?
27
Let i(l) = -l**2 - 15*l - 27. Let f be i(-13). Let n(v) = 71*v**2 + 2*v + 1. Let h = 127 + -115. What is the remainder when n(f) is divided by h?
10
Let h = 26 + 15. What is the remainder when h is divided by 32/24*6 + 65/13 + -1?
5
Suppose -90*q - t = -85*q - 66, -5*q = -3*t - 82. Calculate the remainder when 1438 is divided by q.
10
Suppose 0 = 2*r - 4*a - 318, 21*a = -2*r + 24*a + 319. Calculate the remainder when 1929 is divided by r.
158
Let x = 11769 + -11718. Calculate the remainder when 88 is divided by x.
37
Calculate the remainder when 1*((-4)/(-22) - 7605/(-99)) is divided by 1096/40 + 10/(-25).
23
Let q(h) = -h**3 - 3*h**2 + 2*h + 496. What is the remainder when q(0) is divided by 86?
66
Let p(r) = -r**3 + 19*r**2 - 14*r - 42. Suppose 896 - 98 = 7*o. Calculate the remainder when o is divided by p(18).
24
Suppose -5*h - 13 = -2*q, 0 = 2*q + q - 3*h - 15. Suppose q*n = -209 + 989. What is the remainder when n is divided by 25?
20
Calculate the remainder when ((-6 + (10 - -93))/(-4))/(4/(-16)) is divided by 20.
17
Suppose -v - 3*v + 44 = 0. Suppose 734 + 162 = c + 27*c. Calculate the remainder when c is divided by v.
10
Let c be (2/(-1))/(1/(-2)). Suppose c*h + 99 - 251 = 0. What is the remainder when h is divided by 24 + 1 - (327 - 315)?
12
What is the remainder when 275 is divided by (-1)/(2/(-84)) - 1770/(-885)?
11
Suppose -4*v = -2*a + 4212, -2*a = -111*v + 113*v - 4212. Calculate the remainder when a is divided by 132.
126
Suppose w - 4*a = 17, 0 = -75*w + 74*w - 2*a + 17. What is the remainder when 1392 is divided by w?
15
Let i = 36 + 32. Suppose -4*w + 4*m = -52, -3*m - 20 = -w + 1. Calculate the remainder when i is divided by w.
5
Suppose 4*z - 1264 = -4*h, -z + 627 = 6*h - 4*h. Calculate the remainder when h is divided by 79.
74
Suppose 10*t - 98 - 92 = 0. Let y be (132/(-11))/(2/(-1)). Suppose 0 = -a + y + 1. What is the remainder when t is divided by a?
5
Suppose -19*s + 186584 = 64*s. What is the remainder when s is divided by 16?
8
Let t = 171 + -99. What is the remainder when 188 is divided by (t/63)/((-8)/(-84))?
8
Let f = 15 + -12. Let s be 4/7 + ((-68)/(-28) - 0). Suppose -147 = -f*j - s*p, 0 = j + p + 3*p - 46. What is the remainder when j is divided by 26?
24
Suppose -4*l + 2*d + 1214 = 0, -3*d + 1509 = 5*l + 3*d. What is the remainder when 26964 is divided by l?
300
Suppose 7*f - 5*f + 8 = 0. Let n(w) = -w**3 - 2*w**2 - w - 1. Calculate the remainder when n(f) is divided by 12.
11
Suppose -318*d - 784 = -320*d. Calculate the remainder when d is divided by 62.
20
Suppose -6 - 18 = -6*b. Suppose -19 = -b*c + 49. Calculate the remainder when c is divided by 7 - 7 - (-9 + -1).
7
Suppose -6*t = -5*l - 5*t + 53, -14 = -2*l - 2*t. Let x(b) = b**2 - 26*b + 20. Let d be x(l). What is the remainder when 30/(-4)*504/d is divided by 7?
6
Let v be (641728/(-72))/(-8) + (-1)/9. Let z = v + -334. Calculate the remainder when z is divided by 71.
70
Let g = -7 - 7. Let j be 752/(-18) + 5*g/315. Let k = j + 60. What is the remainder when k is divided by 4?
2
Let k be (4/26 - 22/(-26))*5. Suppose -340 + 10 = -k*p. Suppose p = -22*n + 25*n. What is the remainder when 109 is divided by n?
21
Let z = -53 - -83. Suppose -29*m = -z*m + 57. What is the remainder when m is divided by 5?
2
Suppose 117*d + 1086 - 792 = 3921. What is the remainder when 2603 is divided by d?
30
Suppose 2*g + 1 = -7, c + 5*g + 15 = 0. Suppose 0*b = 5*b - 3*j - 23, -c*j + 34 = 2*b. What is the remainder when 390 is divided by b?
5
Let s(u) = -2*u**3 - 12*u**2 + 159*u - 4. What is the remainder when 127 is divided by s(6)?
41
Let p = -6838 - -6934. Calculate the remainder when p is divided by 58.
38
Calculate the remainder when 451 is divided by 1*(3 - (7 - 145))*(-8)/(-12).
75
Let j(d) = 6*d + 115. What is the remainder when j(-15) is divided by 13?
12
Let q = 7662 - 6944. Calculate the remainder when q is divided by 72.
70
Let f(d) be the second derivative of -8*d**3/3 - 59*d**2/2 + d + 1. Calculate the remainder when 78 is divided by f(-5).
15
Let x = 501 + -12. Suppose -5*g + x - 69 = 0. What is the remainder when g is divided by 17?
16
Suppose 0 = -11*w - 4*w + 975. Let g = 1 + w. Let l = -20 - -37. What is the remainder when g is divided by l?
15
Suppose 5*m = 7*s - 10*s + 362, 0 = 3*s - m - 374. Suppose -5*w + 10 + 5 = 0. Let t(d) = 8*d - 3. What is the remainder when s is divided by t(w)?
19
Let l(u) = -u**2 - 422*u - 4492. Suppose -t + 123 = 5*p, 2*t - 266 = -2*p - 3*p. What is the remainder when t is divided by l(-11)?
27
Calculate the remainder when 270 is divided by (-5 - 200/(-30))/(1/36).
30
Suppose 431 = 5*h - 4*l, l = -h - 45 + 124. What is the remainder when 486 is divided by h?
71
Let h(c) = -c**3 - 10*c**2 - 4*c - 17. Let z = -52 - -55. Suppose -z*a + 28 = a. What is the remainder when h(-10) is divided by a?
2
Let u be 60/(-105) + (-1046)/7. Calculate the remainder when 162 is divided by (1/(-2))/(-5 - 745/u).
12
Let p be ((-84)/70)/(6/(-20)). Suppose -p*l + i = -3, -4*l + 3*i + i = 0. Suppose -u + 132 = l. What is the remainder when u is divided by 45?
41
Let q(o) = -2*o**3 + o**2 + 5*o + 1. Let u be q(3). Let r(k) = -4*k - 106. What is the remainder when 43 is divided by r(u)?
3
Suppose -1913*u + 1929*u = 7168. What is the remainder when u is divided by 118?
94
Let r be 0 + -2 - 54/3. Let s be ((-85)/(-4))/(14/56). Let w = s + r. What is the remainder when w is divided by 22?
21
Let k(y) = 9*y**3 - 2*y**2 - 8*y + 23. Let j = -65 - -279. Calculate the remainder when j is divided by k(2).
1
Let h = -1320 - -1427. What is the remainder when h is divided by 63?
44
Suppose 47*g - 5192 = 3*g. What is the remainder when 459 is divided by g?
105
Suppose -361 = 68*w - 4985. Let t(k) = -k**2 + 35. Calculate the remainder when w is divided by t(0).
33
Let t(g) = 354*g**3 + 11*g**2 + 4*g - 9. Let k be t(3). Calculate the remainder when ((-18)/21)/((-90)/k) is divided by 35.
22
Suppose 5*r = 2*j - 9, -3*j - 4*r = 4 - 6. Suppose 4*t = -j*y + 224, -y = -2*t - 5*y + 112. Calculate the remainder when 277 is divided by t.
53
Let i(q) be the second derivative of q**3/3 + 69*q**2/2 + 20*q + 2. Let l be i(-9). Let h = l - 44. Calculate the remainder when h is divided by 3.
1
Suppose 3*f - 5*r - 608 = 1171, 3*f + r - 1779 = 0. Calculate the remainder when f is divided by 67.
57
Let r be 1/(25/(-15)) - 1916/(-10). Let o = r - 11. Suppose -2*m - 4*d + 33 = -39, -4*d + o = 5*m. What is the remainder when m is divided by 12?
0
Let w(t) = t**3 - 12*t**2 + 12*t + 23. Let c be w(13). Suppose k + 3*v = 483, -2*v + 606 + c = 2*k. What is the remainder when k is divided by 34?
32
Let x(r) = 4*r - 153. Calculate the remainder when x(105) is divided by 191.
76
Let v be (17/((-17)/(-840)))/1. Suppose v*o + 2128 = 847*o. Calculate the remainder when o is divided by 77.
73
Suppose 0 = -8*y - 7568 + 7832. What is the remainder when 276 is divided by y?
12
Suppose 450 = 3*z - 363. Suppose -z = 5*h - 10*h + 2*q, -4*q + 63 = h. Let g = h + -46. Calculate the remainder when g is divided by 5.
4
Let y(n) = n**2 + 14*n + 61. Let i be y(-8). Suppose -i*v - 501 = -2542. W